*s - 113 = 0, -2*y - 3*y = -s - 146. Suppose 3*m = y + 31. Calculate the remainder when m is divided by 11.
9
Calculate the remainder when (2 - (-2)/(-2))/((-3)/(-60)) is divided by 13.
7
Let n be 15*5*(-1 + 2). Suppose -n = -9*f + 4*f. What is the remainder when f is divided by 8?
7
Let n(v) = -v**2 - 5*v - 3. Let l be n(-6). Let m = 12 - l. Calculate the remainder when m is divided by 11.
10
Let a(x) = -x**3 + 10*x**2 - 18*x + 4. Let m = -22 - -43. What is the remainder when a(5) is divided by m?
18
Let f be -1 - (-1)/((-2)/(-142)). Suppose -3*g + f = -2*g. Suppose -2*s = -0*s - 48. What is the remainder when g is divided by s?
22
Let b = -4 + 21. What is the remainder when -111*(-3)/9 - 4 is divided by b?
16
Suppose m + 16 = 380. Let l(q) = 3*q + 7. Let y be l(-5). Calculate the remainder when y/20 + m/10 is divided by 19.
17
Let l = -3 + 1. Let m(n) = -3*n**3 - n**2 + 3*n + 3. Calculate the remainder when 31 is divided by m(l).
14
Suppose -w + 112 = -4*b - 4*w, 0 = w - 4. Let r = -16 - b. What is the remainder when r is divided by 8?
7
Suppose 9 - 26 = -b - u, 4*u - 3 = b. Calculate the remainder when 88 is divided by b.
10
Let j(l) = -l + 6. Let o be j(0). Let h = o - 3. What is the remainder when 4 is divided by h?
1
Let u = 7 + 32. What is the remainder when u is divided by 14?
11
Let y = 10 + -7. Suppose 6*n = 4*z + 2*n - 12, y*z = n + 11. Calculate the remainder when 5 is divided by z.
1
Suppose 5*a = 4*f - 10, 5*f + 5*a = -0*f + 35. Calculate the remainder when f is divided by 2.
1
Let p(j) = -j**3 + 2*j**2 + 3*j + 1. Calculate the remainder when 17 is divided by p(2).
3
Suppose 315 = -t + 4*t. What is the remainder when t is divided by 36?
33
Suppose -81 = 63*v - 66*v. Calculate the remainder when v is divided by 14.
13
Let h(q) = q + 63. Let l be (-2 + 2)*1/(-3). Let k be h(l). Suppose -f + 4*f = 4*y - 197, k = y + 2*f. What is the remainder when y is divided by 18?
17
Let h = -67 - -105. Calculate the remainder when 187 is divided by h.
35
Let o = 158 + -247. Let v = -64 - o. Calculate the remainder when v is divided by (-38)/(-6) + (-2)/(-3).
4
Let j = 36 + 2. Calculate the remainder when j is divided by 8.
6
Suppose -5*z - 17 = -l, -3*l = -2*l + 3*z - 17. Calculate the remainder when l is divided by 5.
2
Let y be 18/1*4/8. Suppose -13 = 2*l - 1. What is the remainder when (l/y)/((-2)/66) is divided by 12?
10
Suppose 0 = -3*j - 3, 0*h + 4*j - 4 = -h. What is the remainder when 18 is divided by h?
2
Let q = -22 - -77. Suppose 2*o - q = -15. What is the remainder when o is divided by 11?
9
Suppose 5*m = s + 22, 3*m = 3*s + 7 - 1. Calculate the remainder when 8 is divided by s.
2
Let k(s) = -s**2 - 6*s + 11. Let f be k(-8). Let z = 4 - f. Calculate the remainder when 16 is divided by z.
7
Let n(t) = t**3 + 4*t**2 - 6*t - 4. Let f be n(-5). Suppose g - 5 = f. What is the remainder when 16 is divided by g?
4
Let b = 12 - 7. Suppose 142 = b*l - 8. Calculate the remainder when l is divided by 16.
14
Let q be (-5)/((-5)/(-86)) + -1. Let a = q - -124. Let s = -7 - -20. What is the remainder when a is divided by s?
11
Suppose 11 = m - 3*v, 29 = 3*m - 6*v + v. What is the remainder when 45 is divided by m?
5
Let k(y) = 32*y**2 + 2*y + 1. Let l(m) = -m**2 - 5*m - 1. Let h be l(-5). Let f be k(h). Suppose -f = -5*t + 9. Calculate the remainder when 23 is divided by t.
7
Suppose -5*p + 4 = 4*i - 482, 5*i - 5*p - 630 = 0. Calculate the remainder when i is divided by 42.
40
Let q be -13 + 3 + 0 - -1. Calculate the remainder when (26/4)/(q/(-126)) is divided by 31.
29
Let c(k) = -11*k - 17. Calculate the remainder when c(-12) is divided by 13.
11
Let h = 29 + -25. What is the remainder when 0/1 - (-10 - 0) is divided by h?
2
Suppose 11 = w + 5*v, -82 = -4*w - 0*v - v. What is the remainder when 39 is divided by w?
18
Let j(d) = -d**3 - 2*d**2 + 2*d - 1. Let o be j(-3). Suppose -o*x + 14 = -x. Calculate the remainder when 27 is divided by x.
13
Let b(c) = c**2 - 2*c - 4. Let t(a) = -a**3 + 3*a**2 + 5*a - 5. Let s be t(4). Let r = 2 - s. Calculate the remainder when b(-3) is divided by r.
2
Calculate the remainder when 0/(-2) + 0/1 + 2 is divided by (2/(-5))/((-1)/5).
0
Let q(t) = -5*t**3 - 5*t**2 - 15*t + 7. Let b(u) = -u**3 - u. Let l(y) = 6*b(y) - q(y). Calculate the remainder when 19 is divided by l(6).
8
Suppose 3*t = b - 20, -3*b + 25 = -4*t - 0*b. Let h = -1 - t. What is the remainder when 21 is divided by h?
3
Let c be (2/5)/(2/10). Suppose 0 = c*a - 3*l - 26, l = -5*a + 2*l + 39. What is the remainder when 12 is divided by a?
5
Suppose -i = -0*i - 17. Calculate the remainder when 32 is divided by i.
15
Suppose 2*g - 9*g = -224. Calculate the remainder when g is divided by 11.
10
Let k(s) = s - 5. Let l be k(8). Calculate the remainder when 1 - l/2*-30 is divided by 24.
22
Let a be 7*1 + 6 + -5. Let r(x) = x**2 - 6*x + 11. Suppose -3*t + 42 = -0. What is the remainder when r(a) is divided by t?
13
Let d(l) = 5*l**2 + 31*l + 8. Suppose 0 = 2*m + 2*m. Suppose -3*h + 14 - 2 = m. Calculate the remainder when h is divided by d(-6).
0
Let c = -290 + 419. Calculate the remainder when c is divided by 10.
9
Suppose 0 = -4*m + m + 6. Let f be ((-1)/m)/((-3)/30). Suppose -f*o - 3*w + 18 = -3*o, -20 = -o + 4*w. Calculate the remainder when 23 is divided by o.
11
Calculate the remainder when 46 is divided by 9/6 + 29/2.
14
Suppose 0 = 2*n + 3*n - 255. Suppose 0 = 3*t + 4*f - n, 2*f - 34 = t - 3*t. Calculate the remainder when 1/4 - (-2985)/60 is divided by t.
16
Suppose -i = -5*i - 16. Let f = i - -39. Let k = -6 - -24. Calculate the remainder when f is divided by k.
17
Suppose 2*v + 6*m - m - 23 = 0, 0 = -v + 2*m + 25. Calculate the remainder when v is divided by 15.
4
Suppose -5*k + 5 = u, -5*u - k + 2*k + 25 = 0. What is the remainder when 19 is divided by u?
4
Let z = -7 + 10. What is the remainder when 1/(-2) + (-121)/(-22) is divided by z?
2
Suppose 0*q - q + 16 = 0. Calculate the remainder when q is divided by 10 + ((-2)/2)/1.
7
Suppose 0 = 4*p - 2*p - 8. What is the remainder when p is divided by (-55)/22*(-4)/5?
0
Suppose -2*j - 3 + 11 = 0. Suppose -17 - 11 = -4*o. Calculate the remainder when o is divided by j.
3
Let v = 19 - 6. What is the remainder when 49 is divided by v?
10
Let y(s) = -s - 5. Let x be y(-8). Suppose 3*o = -3*i + 69, -x*i + 35 = -2*i - 3*o. Calculate the remainder when i is divided by 10.
6
Suppose -4*g + 0*g = 4*d - 92, -5*d + 91 = -g. Let t = d + -6. Calculate the remainder when t is divided by 7.
6
Let c(i) = -i**3 + 14*i**2 - 13*i + 2. Calculate the remainder when 7 is divided by c(13).
1
Let g be (-86)/(-6) - (-6)/9. Let m = g + -14. Calculate the remainder when 1 is divided by m.
0
Let j = -39 - -65. Suppose 2*r = -0*r + j. What is the remainder when 38 is divided by r?
12
Let w be 24/14 - (-6)/21. Suppose w*h = -0*h - y + 54, 0 = 3*h - 2*y - 95. What is the remainder when h is divided by 11?
7
Let u = 3 - -11. Let q = -5 + 13. Calculate the remainder when u is divided by q.
6
Suppose -5 = -s, -11 = -5*m + 2*s + 54. Suppose -4*c + 12 + m = 5*j, -4*j = 4. Calculate the remainder when (-2)/c - (-81)/4 is divided by 7.
6
Let k be (-4)/10 - 12/20. Let w(f) = -4*f**3 - f**2 - 3*f - 1. Calculate the remainder when w(-2) is divided by k/((1 - -1)/(-34)).
16
Suppose -s = s - 46. Let q(w) = 2*w**2 + 4*w - 6. Calculate the remainder when q(6) is divided by s.
21
Let w be (-138)/7 - (-6)/(-21). Let x = w + 59. Calculate the remainder when x is divided by 21.
18
Suppose 20 = 11*d - 6*d. Let q = -3 - -6. Suppose -5*a = -q*a - 20. What is the remainder when a is divided by d?
2
Let a = 11 + -4. Let p = a - -8. What is the remainder when 43 is divided by p?
13
Let s(i) = -i + 5. Let d(g) = -g**2 + 3*g - 4. Let m be d(3). What is the remainder when 17 is divided by s(m)?
8
Let d(n) = n**2 + n - 1. Let p be 1/4*2*14. Let o be d(p). Let i = 96 - o. What is the remainder when i is divided by 11?
8
Let c = -7 - -17. What is the remainder when 28 is divided by c?
8
Suppose 0 = 16*f - 1196 - 52. What is the remainder when f is divided by 10?
8
Let w be 0/(-2 + 3 - 2). Suppose 2*y - 3*y + 10 = w. Suppose 0 = -3*a - 11 + 29. What is the remainder when y is divided by a?
4
Let k(a) = -a**3 - 6*a**2 + 3*a - 1. Let x be k(-6). Let q be (-2